{"id":17,"date":"2018-10-11T19:48:10","date_gmt":"2018-10-11T19:48:10","guid":{"rendered":"http:\/\/priscilade.dominiotemporario.com\/?page_id=17"},"modified":"2025-09-05T13:20:42","modified_gmt":"2025-09-05T13:20:42","slug":"sobre","status":"publish","type":"page","link":"https:\/\/prisciladesigne.com.br\/?page_id=17","title":{"rendered":"Sobre mim"},"content":{"rendered":"<p><img loading=\"lazy\" decoding=\"async\" src=\"http:\/\/priscilade.dominiotemporario.com\/wp-content\/uploads\/2020\/09\/Chancela.jpg\" sizes=\"auto, (max-width: 473px) 100vw, 473px\" srcset=\"http:\/\/priscilade.dominiotemporario.com\/wp-content\/uploads\/2020\/09\/Chancela.jpg 473w, http:\/\/priscilade.dominiotemporario.com\/wp-content\/uploads\/2020\/09\/Chancela-300x300.jpg 300w, http:\/\/priscilade.dominiotemporario.com\/wp-content\/uploads\/2020\/09\/Chancela-150x150.jpg 150w, http:\/\/priscilade.dominiotemporario.com\/wp-content\/uploads\/2020\/09\/Chancela-60x60.jpg 60w, http:\/\/priscilade.dominiotemporario.com\/wp-content\/uploads\/2020\/09\/Chancela-50x50.jpg 50w\" alt=\"\" width=\"473\" height=\"473\" \/><\/p>\n<h4><strong>Priscila Designe | Artes,\u00a0<\/strong><strong>Arquitetura<\/strong>, <strong>Design de Interiores, Retail Design &amp; Visual Merchandising\u00a0<\/strong><\/h4>\n<p>&nbsp;<\/p>\n<p class=\"my-2 [&amp;+p]:mt-4 [&amp;_strong:has(+br)]:inline-block [&amp;_strong:has(+br)]:pb-2\">Sou <strong>Priscila Designe<\/strong>, arquiteta e designer de interiores apaixonada por criar espa\u00e7os que visam o acolhimento e funcionalidade mas tamb\u00e9m o toque especial da est\u00e9tica e identidade do meu cliente &#8211; ou do cliente do meu cliente em casos de Retail e Varejo. <br \/><br \/>Desde 2006, atuo na \u00e1rea de Arquitetura e Urbanismo, com especializa\u00e7\u00e3o em <strong>Design de Interiores pelo IED-SP<\/strong> e forma\u00e7\u00f5es internacionais em <strong>Retail Design &amp; Visual Merchandising no IED Barcelona e Mil\u00e3o<\/strong>.<\/p>\n<p class=\"my-2 [&amp;+p]:mt-4 [&amp;_strong:has(+br)]:inline-block [&amp;_strong:has(+br)]:pb-2\">Minha experi\u00eancia profissional inclui projetos <strong>residenciais, comerciais e corporativos<\/strong>, sempre conduzidos com aten\u00e7\u00e3o ao detalhe, integra\u00e7\u00e3o est\u00e9tica e solu\u00e7\u00f5es personalizadas, a fim de traduzir e adequar o estilo e as necessidades de cada cliente. Ao longo da carreira, desenvolvi tamb\u00e9m s\u00f3lida experi\u00eancia em <strong>gest\u00e3o de projetos e Retail Design<\/strong>, o que me permite alinhar criatividade, estrat\u00e9gia e resultado em cada entrega.<\/p>\n<p class=\"my-2 [&amp;+p]:mt-4 [&amp;_strong:has(+br)]:inline-block [&amp;_strong:has(+br)]:pb-2\">Acredito que <strong>um projeto de interiores n\u00e3o pode valorizar apenas a est\u00e9tica, tamb\u00e9m\u00a0deve melhorar a qualidade de vida<\/strong>, valorizar a identidade dos clientes e potencializar experi\u00eancias. Por isso, busco constantemente atualiza\u00e7\u00e3o e inspira\u00e7\u00e3o \u2014 seja em arte, em novas refer\u00eancias arquitet\u00f4nicas ou em estudos que ampliem minha vis\u00e3o sobre o impacto dos ambientes no bem-estar.<\/p>\n<p class=\"my-2 [&amp;+p]:mt-4 [&amp;_strong:has(+br)]:inline-block [&amp;_strong:has(+br)]:pb-2\">Hoje, meu objetivo \u00e9 oferecer projetos que atendam \u00e0s necessidades do cliente, unam conforto, beleza, funcionalidade e originalidade. Tenho o foco voltado para atender ao usu\u00e1rio desses espa\u00e7os com a maior qualidade poss\u00edvel, transformando as ideias em espa\u00e7os \u00fanicos e memor\u00e1veis, sem replica\u00e7\u00f5es mas com a personalidade de cada cliente.<\/p>\n<p>&nbsp;<\/p>\n<h2>Contatos | Get in touch<\/h2>\n\n\n<p><a href=\"mailto:prisciladesigne@gmail.com\">prisciladesigne@gmail.com<\/a><\/p>\n\n\n\n<p>Me chame em conversa do WhatsApp <br><a href=\"https:\/\/wa.me\/5511996291686\" data-type=\"link\" data-id=\"https:\/\/wa.me\/5511996291686\">https:\/\/wa.me\/5511996291686<\/a><\/p>\n\n\n\n<p><\/p>\n","protected":false},"excerpt":{"rendered":"<p>Priscila Designe | Artes,\u00a0Arquitetura, Design de Interiores, Retail Design &amp; Visual Merchandising\u00a0 &nbsp; Sou Priscila Designe, arquiteta e designer de interiores apaixonada por criar espa\u00e7os que visam o acolhimento e funcionalidade mas tamb\u00e9m o toque especial da est\u00e9tica e identidade do meu cliente &#8211; ou do cliente do meu cliente em casos de Retail e [&hellip;]<\/p>\n","protected":false},"author":3,"featured_media":0,"parent":0,"menu_order":2,"comment_status":"closed","ping_status":"closed","template":"","meta":{"footnotes":""},"class_list":["post-17","page","type-page","status-publish","hentry"],"_links":{"self":[{"href":"https:\/\/prisciladesigne.com.br\/index.php?rest_route=\/wp\/v2\/pages\/17","targetHints":{"allow":["GET"]}}],"collection":[{"href":"https:\/\/prisciladesigne.com.br\/index.php?rest_route=\/wp\/v2\/pages"}],"about":[{"href":"https:\/\/prisciladesigne.com.br\/index.php?rest_route=\/wp\/v2\/types\/page"}],"author":[{"embeddable":true,"href":"https:\/\/prisciladesigne.com.br\/index.php?rest_route=\/wp\/v2\/users\/3"}],"replies":[{"embeddable":true,"href":"https:\/\/prisciladesigne.com.br\/index.php?rest_route=%2Fwp%2Fv2%2Fcomments&post=17"}],"version-history":[{"count":2,"href":"https:\/\/prisciladesigne.com.br\/index.php?rest_route=\/wp\/v2\/pages\/17\/revisions"}],"predecessor-version":[{"id":5343,"href":"https:\/\/prisciladesigne.com.br\/index.php?rest_route=\/wp\/v2\/pages\/17\/revisions\/5343"}],"wp:attachment":[{"href":"https:\/\/prisciladesigne.com.br\/index.php?rest_route=%2Fwp%2Fv2%2Fmedia&parent=17"}],"curies":[{"name":"wp","href":"https:\/\/api.w.org\/{rel}","templated":true}]}}